se 6*o - 3 = 5*o. Suppose -o*b - g = -13211, -b + 5*g = -0*b - 4425. Is b a prime number?
False
Let i(g) be the third derivative of 43*g**4/3 - 5*g**3/2 + 14*g**2. Is i(4) composite?
False
Let w = 1165 - 627. Suppose -j + 715 = -w. Is j composite?
True
Let w(o) = o. Let l(p) = 8*p. Let z(b) = 3*l(b) - 6*w(b). Let q(j) = -1. Let y(x) = -5*q(x) + z(x). Is y(18) a prime number?
False
Let d(x) be the second derivative of 683*x**4/12 - x**3/6 - 8*x. Let z be d(1). Let h = z + -471. Is h a prime number?
True
Let j(h) = h**2 + 3*h + 4. Let x be j(4). Let p = 17 - x. Is ((-70)/p)/(6/639) a prime number?
False
Let c = -5428 - -74. Let g = -3187 - c. Is g composite?
True
Let j be (-1 - (-54316)/11) + 4/22. Let c = -3244 + j. Is c a composite number?
False
Let v(o) = o**3 + 12*o**2 - 14*o - 1. Let h be v(-13). Let l be (h/9)/((-1)/3). Is 124/(-2)*2/l prime?
True
Let p be 10/3*18/12. Suppose 3*s + 0*n + n = 44, p*s = n + 60. Let q = 171 - s. Is q prime?
False
Let v(d) be the second derivative of -271*d**5/4 + 6*d. Is v(-1) prime?
False
Suppose -126*k + 116*k + 473390 = 0. Is k a composite number?
False
Let p(v) = 2*v**3 - 17*v**2 + 21*v + 12. Let f be p(10). Suppose 3*m = 9*m - f. Is m a composite number?
True
Let h be (-14)/5*65/(-13). Let l(y) = -y**3 + 15*y**2 - 11*y - 5. Is l(h) prime?
True
Let s be 99/(-55) + 1/(-5). Is -1*(s + 1)*817 prime?
False
Suppose -5*d - 2*o + 520 = 0, d - 313 = -2*d - o. Is d a prime number?
False
Suppose -f - 5*j - 13 = -0*f, 2*f - 2*j - 22 = 0. Let k(v) = -5*v - 35. Let l be k(-8). Suppose 4*a - 4*o + f*o = 137, l*a + 3*o - 175 = 0. Is a a prime number?
False
Suppose -20 = 5*j - 10*j. Suppose 2*m + j*w = 26, 3*m - 31 = -0*m - 4*w. Suppose 0*d + 70 = m*d. Is d composite?
True
Is (3 - (-10)/(-2))*(-64572)/24 a prime number?
True
Let i(b) = b**3 - 7*b + 7. Let y be i(5). Suppose -5*m + 299 = 3*z, 3*m - y = -z + 2*m. Is z a prime number?
False
Let y be (2*2)/(-1 - 0). Let z(b) be the second derivative of -b**5/10 - 5*b**4/12 - 2*b**3/3 + 5*b**2/2 + 7*b. Is z(y) composite?
True
Suppose 0*v = 5*n + 4*v + 5523, 3*v + 3315 = -3*n. Let j = n + 2164. Is j prime?
True
Let b = 17 - 17. Let o(n) = -n**2 + n + 409. Is o(b) composite?
False
Let v = 8439 - 1395. Suppose 5*g = 9*g - v. Is g a prime number?
False
Let t be (-7951)/7 + (-3 - 3)/42. Suppose -i + 3*i + 1657 = -3*r, 5*i = 4*r + 2171. Let j = r - t. Is j prime?
True
Suppose 0 = 3*b + 3*l - 894, 6*l - 900 = -3*b + l. Let k be 48/(-2*1/8). Let p = b + k. Is p prime?
True
Let i = -7898 - -17125. Is i composite?
False
Suppose -8*q = -6*q + 2*v - 3940, 0 = -4*q - v + 7877. Is q prime?
False
Let p be 2/(-9) - (-158)/(-18). Let x(m) = -m**2 + 7*m + 6. Let r be x(p). Let l = r + 265. Is l a prime number?
True
Let o be (-4837)/(-56) - (-6)/(-16) - 1. Let f be (0 - (-1)/(-2))*-52. Let s = o - f. Is s composite?
False
Let z be (8/(-6))/(1/(5 - -937)). Let s = -718 - z. Is s a prime number?
False
Suppose 2*z + 0*m - 12 = m, -2*m + 4 = 3*z. Suppose 0 = -0*u - 2*u - 6, z*p + 5*u = 1121. Suppose 5*l - l = p. Is l a prime number?
True
Let o(p) = 71*p**2 + 17. Is o(-8) composite?
False
Let f = -3806 + 6669. Is f a prime number?
False
Suppose -2216 - 1414 = 6*h. Let q = -352 - h. Is q composite?
True
Let i = -9017 - -16936. Is i prime?
True
Let t(o) = -43*o - 1. Let u(r) = 0*r**2 - 18*r**2 + 7*r**2 + r**3 - 6. Let s be u(11). Is t(s) a prime number?
True
Let r = 45558 - 20912. Is r prime?
False
Suppose 3*s = -8*s - 66. Let k(j) = 34*j**2 - 5*j - 13. Is k(s) a composite number?
True
Let w be (1/((-1)/6))/(6/4). Is w/6*(-23415)/14 a composite number?
True
Let u(o) = -136*o**3 + 1 + 2*o**2 - 85*o**3 + 340*o**3 - 117*o**3 + 2*o - 75*o**3. Let h(c) = c**2 - c - 1. Let w be h(0). Is u(w) composite?
True
Is 3/(6/(-14)) + (-2102940)/(-70) prime?
False
Suppose -3*i - 51 = 4*q + q, 4*q + 12 = 0. Is (-6)/i + (-417)/(-2) a composite number?
True
Suppose 3*l - 5*l + 6 = 0, -6348 = -w - 3*l. Is w a composite number?
True
Is 227525/57 - ((-24)/9)/(-4) prime?
False
Suppose 0 = -6*x + x - 15, l - 3*x - 307 = 0. Is l prime?
False
Let f be 2*529*25/(-10). Let m = 252 - f. Is m a prime number?
True
Let o(r) = -r**2 + 10*r - 2. Let s be o(4). Let b(f) = 2*f + 1 + 26*f**2 + s*f**2 - 5*f**2. Is b(2) prime?
False
Let x be 30/5*27/6. Let c be x/(-45)*-5*157. Suppose -5*y + 2134 + c = 0. Is y a composite number?
False
Let u be 1 + (-4 - 0) + 3. Suppose 6*l - 2778 - 384 = u. Is l prime?
False
Suppose 896 = z + 10*t - 15*t, t - 2736 = -3*z. Is z prime?
True
Let x be 1182/33 + (0 - 6/(-33)). Suppose 122 = 2*s - x. Is s composite?
False
Let d be 18*(1860/(-9) - 2). Is d/(-18) + -5 + (-4)/6 composite?
True
Let d(c) = 3 - 82*c + 290*c + 0. Is d(2) composite?
False
Let f(g) be the second derivative of 13*g**4/6 - 5*g**3/2 - 51*g**2/2 - g. Is f(-8) a composite number?
False
Let y(j) = 2*j**3 + j + 3. Let t be y(0). Suppose -x + 12 = -5*l, -x - 2*l + 4 = -t*l. Suppose x*n + 2*n - 424 = 0. Is n prime?
False
Let t = -422 - -627. Is t a composite number?
True
Suppose 0 = i + 2*i - 4*y + 7, 3*i = -y + 13. Let r(o) = 106*o + 13. Is r(i) a prime number?
True
Suppose p - 40 = -3*p. Suppose p*w - 8*w = 118. Is w a composite number?
False
Let d(k) = 15*k**3 - 4*k**2 - 69*k + 13. Is d(9) a prime number?
False
Suppose 0*t - 2*t = -6. Suppose t = -5*v - 12. Let j(k) = -111*k - 4. Is j(v) prime?
False
Let v(r) = -r**2 - 4*r - 3. Let g be v(-3). Suppose -c = -5, g*n - 4*c - 71 = -n. Let w = n + -22. Is w a prime number?
False
Let x be -1 - (0 - -2)*-2. Suppose -n + 4 = 0, -13 = 2*u - x*n + 23. Let j = 35 + u. Is j prime?
True
Let y(v) = v**3 - 3*v**2 - 10*v + 10. Let n be y(4). Let k be -1*(-2 - n)*-109. Let c = -767 + k. Is c composite?
False
Suppose -4 = -47*r + 46*r. Suppose -r*l = 5*c - l - 1055, 0 = -5*l. Is c a composite number?
False
Is ((-2721)/(-7))/1 + 146/511 composite?
False
Let s be ((-111)/(-9))/(-1 - (-556)/552). Suppose -141 = j - s. Is j a composite number?
True
Let t be (-1)/(-1)*(5 - 49). Let p = 147 - t. Is p prime?
True
Suppose -30*s = -31*s + 941. Is s composite?
False
Let d be (-45)/(-12) + (-5)/(-20). Suppose -d*l + 6 = -7*l. Is (-9)/(-1 + l) + 64 prime?
True
Let t = -22684 + 60069. Is t a composite number?
True
Suppose 2*t - 235 = 3*a + 2*a, 0 = 3*t + 2*a - 362. Let o = 179 - t. Suppose -5*q + 3*i + o = 0, -q + i = -3 - 8. Is q prime?
True
Suppose 2*w + 1539 - 6011 = -4*y, 0 = -4*y + w + 4466. Is y prime?
True
Let a = -34 - -2474. Let y = a - 767. Is y composite?
True
Let r = -41 - -73. Suppose 2*x - r = -2. Suppose 3*q - x = 0, -480 = -2*c - 0*c - 2*q. Is c a prime number?
False
Is (-34)/(-51)*(-3453)/(-2) a prime number?
True
Let z(v) = -5*v**2 - 7*v - 429. Let r(n) = -3*n**2 - 4*n - 215. Let u(f) = 7*r(f) - 4*z(f). Is u(0) a composite number?
False
Suppose -b + 2*j = -2*b + 17, 5*b + 4*j - 97 = 0. Suppose -22*d + 879 = -b*d. Is d a composite number?
True
Let i = -106996 - -162225. Is i a prime number?
True
Let o = -15 + 20. Suppose -2 = -o*s + 8. Suppose y - 5*c = 147, -y - 3*c + s*c + 123 = 0. Is y a composite number?
False
Suppose k - 3*k + 1486 = 2*d, d - 3*k = 759. Suppose 4*q = 445 + d. Is q a prime number?
False
Suppose -13270 = -2*n + 2*f, -6*f + 33179 = 5*n - 9*f. Is n prime?
True
Let p = 0 + 3. Suppose -64 = -4*u + p*f, 2*u - 4*f = 2 + 20. Is u a composite number?
False
Let h(d) = -d**2 + 9*d - 15. Let l be h(3). Suppose -3778 = -l*r + p, -4*r + 0*p = 4*p - 5032. Is r a prime number?
True
Suppose 15 = -3*i, 4*i + i + 179 = 2*h. Suppose j - 4*l - h = 0, -j - j + 219 = 5*l. Is j a composite number?
False
Suppose 5952 = -53*z + 54235. Is z prime?
True
Suppose 0 = 5*m - 762 - 133. Suppose 0 = 3*d - 4*x - 17, -2*d = x - 6 + 2. Suppose -m - d = -2*q. Is q composite?
True
Is 3 - -1332 - (-8)/(-1) composite?
False
Let c be (-354)/(-24) + (-2)/(-8). Is (-6)/15 + 13581/c a prime number?
False
Let q = 26 - 36. Suppose 2*t + 2 + 6 = 0. Is (t/q)/(1/35) prime?
False
Suppose 26*l + 1852 = 22*l. Let h = 952 + l. Is h prime?
False
Suppose -938 = -y - 3*k, 16*y + k + 942 = 17*y. Is y composite?
False
Let b(y) = -y**3 + 11*y**2 + 12*y + 6. Let q be b(12). Is 7698*3/q*1/3 a prime number?
True
Let i(k) = -63*k**2 + 4*k - 5. Let n(m) = -64*m**2 + 3*m - 4. Let l(d) = 4*i(d) - 5*n(d). Let u = 3 + -4. Is l(u) a prime number?
Tru